5. Suppose -6 = x*d, -5*d + 3*d + 21 = -5*r. Let i(o) = -o**3 - 6*o**2 - 5*o + 1. What is i(r)?
1
Let z(w) = 4*w - 1. Let b be (-28)/35*(-5)/2. Calculate z(b).
7
Let r(f) = -f - 5. Let z be r(-8). Suppose 1 = 2*j - z. Let x(t) = 0*t**2 + 3 + 2*t - j + 5*t**2. Calculate x(-1).
4
Let d(m) = 2*m**2 + 1. Let l be d(1). Let n(g) = 0*g + 0*g - l*g. Let x(h) = h**2 + 2*h - 1. Let t be x(-3). Determine n(t).
-6
Let t(n) = 3*n**3. Let h(f) = -f**2 + 5*f - 5. Let v be h(4). Let o be t(v). Let p = -7 - o. Let i(z) = -z**2 - 3*z - 2. Calculate i(p).
-6
Let s(q) = -q**3 - 7*q**2 - 3*q - 9. Let c = 24 + -31. Give s(c).
12
Let x(p) = -p - 3. Let m(j) = -j**3 + 10*j**2 - j + 4. Let g be m(10). Let t(s) = -s**2 - 7*s - 6. Let q be t(g). Determine x(q).
-3
Suppose 3*a + 2*a = 3*x - 37, 0 = 5*a + 3*x + 13. Let v(i) = -i**3 - 4*i**2 + 5*i - 5. Calculate v(a).
-5
Suppose -6*g + 3*g = 6. Let w = 2 - 0. Let i(f) = -1 - w*f + 1. Calculate i(g).
4
Suppose -5*v + 4*u - 2 = 0, -5*u + 22 - 3 = 2*v. Let w(c) = -7 - 7 + 15 + v*c. Determine w(2).
5
Let a = 6 - 1. Let n(b) = 0*b + 5*b - a*b - 1 - b. What is n(5)?
-6
Suppose 0 = -5*c + 5*x - 5, 3*c - 2*x = 2 - 0. Let o(t) = t - 4*t**2 - 9*t**3 + c*t**2. Suppose -4*n - 3*g = -11, 0 = -2*g + g + 5. Give o(n).
8
Let w be (-12)/20 + 37/60. Let l(r) be the third derivative of 1/4*r**4 + 0*r - r**2 + 0 - w*r**5 - 1/2*r**3. What is l(5)?
2
Let v(c) = -8*c - 1. Let i(y) = -4*y - 1. Let d(t) = 5*i(t) - 2*v(t). Give d(-4).
13
Let l(i) be the first derivative of -i + 1/20*i**5 - 1/2*i**2 + 2 + 1/6*i**3 + 0*i**4. Let d(o) be the first derivative of l(o). What is d(0)?
-1
Let u(n) = -2*n**2 + 1. Let c = -9 + -6. Let p = c - -16. Calculate u(p).
-1
Suppose -4*s - 2*u + 10 = 0, u - 5 = -s + 2*s. Let a(v) be the second derivative of -v**3/6 - 5*v**2 + 4*v. Give a(s).
-10
Let i(d) be the first derivative of 10/3*d**3 - 1 + 9/2*d**2 - 13*d. Let p(v) = 7*v**2 + 6*v - 9. Let y(w) = -5*i(w) + 7*p(w). Determine y(-3).
2
Let d = -3 - -1. Suppose -5*o - 6 = 19. Let l(b) = -4*b**3 - 6*b**2 - 4*b + 4. Let q(r) = -7*r**3 - 11*r**2 - 7*r + 7. Let t(g) = o*l(g) + 3*q(g). Give t(d).
-1
Let l be 10 + -5 - (-12)/(-3). Let w(q) = -5*q**3 - q**2 + 1. Give w(l).
-5
Suppose 0 = 5*u - 4*u - 5. Let b(h) be the first derivative of -1/3*h**3 + 4*h**2 - 5*h - 1. Determine b(u).
10
Let w(x) be the second derivative of 0 + 1/2*x**3 - 2*x**2 - 1/12*x**4 - 2*x. Let t(h) = h**2 + 5*h - 2. Let q be t(-6). Calculate w(q).
-8
Let f(z) be the third derivative of 0*z + 1/3*z**3 - 3*z**2 + 1/24*z**4 + 0. Suppose 3 = -3*u + 12. Calculate f(u).
5
Let h(p) = -p**2 + 5*p**2 - 1 - 5*p**2 - 3*p**3 + p. Let i be 65/55 + 4/(-22). What is h(i)?
-4
Let h = 31 + -26. Let f(c) = c**2 - 3*c - 6. Determine f(h).
4
Let g(h) = h**2 + h - 4. Let y be (-10)/(-6) + (-2)/3. Suppose -d - y = -4. Suppose -o = d - 0. Calculate g(o).
2
Let k be 1 - (2 + (-1 - 3)). Let x = k - 1. Let y(p) = 0 + 5*p - p + 3*p**x - p**3 - 3. What is y(4)?
-3
Let f = -5 + 9. Let j(k) be the first derivative of -3 - 1/2*k**2 + 3*k. What is j(f)?
-1
Let d(k) = 5*k - 40. Let y be d(7). Let q(w) = w - 3. What is q(y)?
-8
Let h(l) = 6*l**2 + l - 1. Suppose 0 = -7*y + 13*y - 12. What is h(y)?
25
Let g(r) be the second derivative of 1/6*r**3 + 1/20*r**5 + 0*r**2 + 0 + 2*r + 1/4*r**4. Give g(-3).
-3
Let a(k) = -8*k**2. Let h = -8 - -7. Determine a(h).
-8
Let z(r) = -r**2 - 6*r + 8. Suppose -4*i - 6 = -2*n, 12 = n - 2*n - i. Calculate z(n).
1
Let m(r) be the first derivative of r**2/2 + r - 1. Let q(l) = l - 4. Let j be q(3). Let o(d) = -2. Let f(x) = j*o(x) + m(x). Give f(0).
3
Let k(t) = 3*t - 5. Let l(x) = 4*x - 4. Let w(b) = 3*k(b) - 4*l(b). What is w(1)?
-6
Suppose z + 0 = -v + 1, 0 = 3*z + 2*v - 4. Let b(x) = -x + 1 - 5*x**z - 4 - 1 - x**3 - x. Let o(c) = c - 4. Let w be o(0). Give b(w).
-12
Let j be (-2)/5 - 36/(-15). Let q(m) = -3*m**j - 6*m + 2*m**2 + 3 + 2*m**2. Suppose -5 = -2*b + 1. What is q(b)?
-6
Let g(l) be the second derivative of l**3/3 - l**2 - 4*l. Give g(-2).
-6
Let d(u) = u**2 + 5*u - 10. Suppose -2*b + 4*a + 22 = 0, -a + 2*a = 5*b - 37. Let s(x) = x**2 - 9*x + 7. Let r be s(b). Determine d(r).
4
Let q(f) be the second derivative of -f**5/120 + f**4/12 - f**3/2 + 4*f. Let i(o) be the second derivative of q(o). What is i(2)?
0
Let j = -6 - -4. Let w(i) be the first derivative of i**4/4 + i**3 + i**2 - 2*i + 14. What is w(j)?
-2
Let t(z) be the second derivative of -z**7/840 + z**6/60 - z**5/30 - 5*z**4/24 - z**3/2 - 4*z. Let j(d) be the second derivative of t(d). Give j(4).
11
Let j(w) = -29 - 4*w + 29 - 9*w. What is j(1)?
-13
Let p(z) = 5*z**2 + z - 1. Let n(d) = d + 3. Let w be n(5). Let a = 9 - w. Give p(a).
5
Suppose -5 - 7 = -6*c. Let w(s) = 2*s - 2. Calculate w(c).
2
Let h = 39 - 233/6. Let b(p) be the second derivative of -3*p + 0*p**2 + 1/12*p**4 + 0 + h*p**3. Determine b(0).
0
Let k(t) = t - 1. Suppose -3*b - 2*b = 65. Let u = -7 - b. Suppose -2*h = -4 - u. Give k(h).
4
Let t(a) = -2*a - 8. Let u be t(-6). Suppose -2*y + 5*m + 13 = 0, 3*y + 5 = u*y - 4*m. Let q(g) = 3 - 5 + g + y. What is q(-5)?
2
Let z(p) be the second derivative of p**4/12 + 2*p**3/3 + p**2/2 + 10*p. Suppose 2*w - 4*m = 14, 4*w - 3*m = -2*m + 21. Let a = w + -8. What is z(a)?
-2
Let i(a) be the first derivative of a**2 - 3*a - 25. Determine i(5).
7
Suppose -u = -4*u + 3. Let a(x) = 4*x + 2*x - 5*x + u. Let n be 0/(-2)*(1 + 0). What is a(n)?
1
Let j(f) = -4*f**2 - f**3 - 2 + 0*f**2 - 1 + 6*f. Let y(x) = x**3 - 4*x**2 - 2*x + 3. Let c be y(4). What is j(c)?
-8
Suppose 0 = p + 5 - 6. Let z = 1 - p. Let t(s) = -5*s**2 + 5*s + 7. Let u(i) = i**2 - i - 1. Let m(o) = t(o) + 6*u(o). Determine m(z).
1
Suppose -t + 0*n = -3*n - 6, -4*n + 5 = 3*t. Suppose 0*q - 20 = 4*c + 4*q, -7 = t*c - 5*q. Let r(s) = s**3 + 5*s**2 + 4*s + 4. Determine r(c).
4
Let i(t) = 2*t**2 - 1 - 4*t**3 + t**3 + 14*t**3. Give i(-1).
-10
Let l(f) = f**2 - f. Let q(i) = i**3 - 3*i**2 - 3. Let n be q(3). Give l(n).
12
Let i(q) be the third derivative of -q**5/60 + q**4/6 + q**3/6 + 4*q**2. Let y be (2 - (0 - -2)) + 5. Calculate i(y).
-4
Suppose -14*h - 8 = -10*h. Let x(i) = -i. Give x(h).
2
Let i be (1 + (-3 - -2))/(-1). Suppose -5*w + 8 = 3*l - 3*w, l - 2*w - 8 = i. Suppose -l*p - 6 = -2. Let m(z) = 5*z**2 - 1. Determine m(p).
4
Let t(u) be the second derivative of -2*u**3/3 + u**2/2 - 6*u. Calculate t(2).
-7
Suppose 6*t + 5 = -1. Let n(f) = 7*f**3 - f**2 - f. What is n(t)?
-7
Let l(z) = -z**2 + z + 3. Let k(r) = r**2 + 3*r - 8. Let o(t) = k(t) + 2*l(t). Calculate o(3).
4
Let j(z) = 4*z**2 + 2*z**2 + 50*z**3 - 49*z**3 - 3 + 2*z - 2*z**2. Give j(-3).
0
Suppose -30*n = -29*n - 2. Let w(x) be the first derivative of 0*x**n - 4 + x**3 - 4*x - 1/4*x**4. Determine w(3).
-4
Let o(j) = j**2 + 7*j + 4. Let z be o(-6). Let q be 3 - 0 - (1 + z). Let l(h) = q - 2*h - 4*h**2 - h**3 - 2 + 7*h - 3. What is l(-5)?
-1
Suppose m + 2 = -j, -16 = -4*j + 6*m - 2*m. Let p(v) be the first derivative of 10/3*v**3 - v**2 + v - 2. Give p(j).
9
Let h(k) = -2*k**3 - k**2 + 2*k - 2. Let l be h(-2). Let z(u) = 3 + 2*u + u**2 + 0*u**2 - 8*u. Calculate z(l).
3
Let q(i) = i**2 + 9*i + 7. Let y(s) = -2*s**2 - 17*s - 13. Let m(f) = -11*q(f) - 6*y(f). What is m(-3)?
1
Let y(p) be the first derivative of p**3/3 - 2*p**2 + p + 3. Give y(5).
6
Suppose 0 = 4*a - y + 108 - 14, -82 = 3*a + 5*y. Let x be a/9 + (-2)/(-3). Let m = -5 - x. Let z(n) = -n**2 - 3*n - 2. Calculate z(m).
-2
Let m(i) = -2 - 2*i - 64*i**2 + i**3 + 62*i**2 + i. Determine m(3).
4
Let h(g) = 3*g + 4*g**2 + 7*g + 2 - 6*g - 2*g**2. Give h(-2).
2
Suppose -15 = -3*j, 0 = q + j - 7. Let y(s) = 4 - 5*s**q - 1 - 5*s + 0*s - s**3. Calculate y(-4).
7
Let z(i) = -4*i**2 + 7*i - 1. Let a(q) = 3*q**2 - 7*q + 2. Let o(v) = 3*a(v) + 2*z(v). What is o(5)?
-6
Let t(v) = -v + 2. Let c(h) = 4*h - 11. Let k = -2 - -13. Let o(a) = k*t(a) + 2*c(a). Suppose 4*i + 18 + 8 = 5*b, i - 3*b + 10 = 0. Determine o(i).
12
Suppose 3*u = -f - 0*u, -f + 4 = -u. Suppose -2*j + f*w - 8*w = -24, -3*j + 22 = 4*w. Let r(m) = 2*m**2 - m - 2. Determine r(j).
4
Let t(s) = 3*s**2 + 3*s. Suppose -3*r + 3 = -15. Let m(j) = -j**2 + 5*j + 8. Let l be m(r). Let u be (-2 - (2 + 0)) + l. Give t(u).
6
Let m(a) = a**2 - 50 + 49 - 2*a - 2*a. Calculate m(-3).
20
Let p(r) = -4*r + 33. Let z b